{"id":6330,"date":"2024-02-28T12:49:33","date_gmt":"2024-02-28T09:49:33","guid":{"rendered":"http:\/\/www.adbox.lv\/?page_id=6330"},"modified":"2025-08-29T12:36:30","modified_gmt":"2025-08-29T09:36:30","slug":"e-klases-prieksrocibas-2","status":"publish","type":"page","link":"https:\/\/www.adbox.lv\/?page_id=6330","title":{"rendered":"E-klases priek\u0161roc\u012bbas [ARTICLE]"},"content":{"rendered":"<p><!-- SECTIONS DRAW --><\/p>\n<p>            <!-- ==== Section #12 ==== --><\/p>\n<section class=\"section12 n0-section12\" id=\"sectionUniqueID_2\">\n<div class=\"container\">\n<div class=\"row\">\n<div class=\"col-md-7 mx-auto text-center\">\n<h3><\/h3>\n<\/p><\/div>\n<div class=\"col-10 mx-auto\">\n<h3 style=\"margin:15px 0px;text-align:center;\"><\/h3>\n<div class=\"paragraph_section12\"><span style=\"font-weight: bold;\">K\u0101p\u0113c <a href=\"https:\/\/www.e-klase.lv\/\" target=\"_blank\" rel=\"noopener\">www.e-klase.lv<\/a>?<\/span><\/p>\n<table>\n<tr>\n<td>\n<td>\n<ul>\n<li><span style=\"font-weight:bold;\">Augsta efektivit\u0101te<\/span> &#8211; sasniedzot kvalitat\u012bvu un prec\u012bzi izv\u0113l\u0113tu auditoriju.<\/li>\n<li><span style=\"font-weight:bold;\">Izdev\u012bga izv\u0113le \u0123imenes auditorijas rekl\u0101mai<\/span>&#8211; ekskluz\u012bvas baneru vietas, nep\u0101rbl\u012bv\u0113ta rekl\u0101mas vide.<\/li>\n<li><span style=\"font-weight:bold;\">Port\u0101l\u0101 <a href=\"https:\/\/www.e-klase.lv\/\" target=\"_blank\" rel=\"noopener\">www.e-klase.lv<\/a> re\u0123istr\u0113ti vair\u0101k nek\u0101 500 000 lietot\u0101ju,<\/span> no tiem:\n<ul>\n<li>185 000 skol\u0113ni<\/li>\n<li>25 000 skolot\u0101ji<\/li>\n<li>270 000 vec\u0101ki<\/li>\n<li>50 000 \u0123imenes<\/li>\n<\/ul>\n<li><span style=\"font-weight:bold;\">Ilgs lietot\u0101ju pavad\u012btais laiks port\u0101l\u0101 <a href=\"https:\/\/www.e-klase.lv\/\" target=\"_blank\" rel=\"noopener\">www.e-klase.lv<\/a><\/span>, vid\u0113ji 46,56 min\u016btes dien\u0101<\/li>\n<li><span style=\"font-weight:bold;\">Ar <a href=\"https:\/\/www.e-klase.lv\/\" target=\"_blank\" rel=\"noopener\">www.e-klase.lv<\/a> sist\u0113mu sasniegsi 92% no vis\u0101m Latvijas skol\u0101m un izgl\u012bt\u012bbas iest\u0101d\u0113m<\/span><\/li>\n<\/ul>\n<\/td>\n<\/tr>\n<\/table>\n<p> <span style=\"font-weight: bold;\">Br\u012bvlaiki<\/span><\/p>\n<table>\n<tr>\n<td> <span style=\"font-weight:bold;\">Rudens br\u012bvlaiks:<\/span> 20. Oktobris  \u2013 24. Oktobris, 2025.<br \/> <span style=\"font-weight:bold;\">Ziemas br\u012bvlaiks:<\/span> 22. Decembris, 2025. \u2013 2. Janv\u0101ris, 2026.<br \/> <span style=\"font-weight:bold;\">Pavasara br\u012bvlaiks:<\/span> 9. Marts  \u2013 13. Marts, 2026. <br \/> <span style=\"font-weight:bold;\">Vasaras br\u012bvlaiks:<\/span> 1.J\u016bnijs  \u2013 31. Augusts , 2026. <\/td>\n<\/tr>\n<\/table>\n<\/div><\/div>\n<\/p><\/div>\n<\/p><\/div>\n<\/section>\n<p>            <!-- == End Section #12 == --><\/p>\n<p><!-- END OF SECTION DRAW--><\/p>","protected":false},"excerpt":{"rendered":"<p>K\u0101p\u0113c www.e-klase.lv? Augsta efektivit\u0101te &#8211; sasniedzot kvalitat\u012bvu un prec\u012bzi izv\u0113l\u0113tu auditoriju. Izdev\u012bga izv\u0113le \u0123imenes auditorijas rekl\u0101mai&#8211; ekskluz\u012bvas baneru vietas, nep\u0101rbl\u012bv\u0113ta rekl\u0101mas vide. Port\u0101l\u0101 www.e-klase.lv re\u0123istr\u0113ti vair\u0101k nek\u0101 500 000 lietot\u0101ju, no tiem: 185 000 skol\u0113ni 25 000 skolot\u0101ji 270 000 vec\u0101ki 50 000 \u0123imenes Ilgs lietot\u0101ju pavad\u012btais laiks port\u0101l\u0101 www.e-klase.lv, vid\u0113ji 46,56 min\u016btes dien\u0101 Ar [&hellip;]<\/p>\n","protected":false},"author":1,"featured_media":0,"parent":0,"menu_order":0,"comment_status":"closed","ping_status":"closed","template":"page-article.php","meta":[],"_links":{"self":[{"href":"https:\/\/www.adbox.lv\/index.php?rest_route=\/wp\/v2\/pages\/6330"}],"collection":[{"href":"https:\/\/www.adbox.lv\/index.php?rest_route=\/wp\/v2\/pages"}],"about":[{"href":"https:\/\/www.adbox.lv\/index.php?rest_route=\/wp\/v2\/types\/page"}],"author":[{"embeddable":true,"href":"https:\/\/www.adbox.lv\/index.php?rest_route=\/wp\/v2\/users\/1"}],"replies":[{"embeddable":true,"href":"https:\/\/www.adbox.lv\/index.php?rest_route=%2Fwp%2Fv2%2Fcomments&post=6330"}],"version-history":[{"count":11,"href":"https:\/\/www.adbox.lv\/index.php?rest_route=\/wp\/v2\/pages\/6330\/revisions"}],"predecessor-version":[{"id":6520,"href":"https:\/\/www.adbox.lv\/index.php?rest_route=\/wp\/v2\/pages\/6330\/revisions\/6520"}],"wp:attachment":[{"href":"https:\/\/www.adbox.lv\/index.php?rest_route=%2Fwp%2Fv2%2Fmedia&parent=6330"}],"curies":[{"name":"wp","href":"https:\/\/api.w.org\/{rel}","templated":true}]}}