{"id":6102,"date":"2023-10-27T11:07:06","date_gmt":"2023-10-27T08:07:06","guid":{"rendered":"http:\/\/www.adbox.lv\/?page_id=6102"},"modified":"2024-04-12T08:56:00","modified_gmt":"2024-04-12T05:56:00","slug":"cenu-lapa-2","status":"publish","type":"page","link":"https:\/\/www.adbox.lv\/?page_id=6102","title":{"rendered":"Cenu lapa"},"content":{"rendered":"<p><\/p>\n<style>.sw-table{border-bottom:2px solid #e9e9e9;}<\/style>\n<div id=\"price-list\" class=\"price-list navigate-btn-block\">\n<div class=\"colHolder\" style=\"text-align:center;width:86%;\">\n<ul  id=\"type-select\">\n            <!--li class=\"active-tab\"><a href=\"#\" anchor=\"table1\" product-id=\"3\" id=\"pid_3\">CPC<\/a><\/li-->\n<li class=\"active-tab\"> <a class=\"navigate-btn active\" href=\"\" product-id=\"10\" id=\"pid_10\">Gigabaneris<\/a><\/li>\n<li> <a class=\"navigate-btn\" href=\"\" product-id=\"4\" id=\"pid_4\">Dinamika<\/a><\/li>\n<li><a class=\"navigate-btn\" href=\"\" anchor=\"table3\" product-id=\"5\" id=\"pid_5\">Mobile<\/a><\/li>\n<li><a class=\"navigate-btn\" href=\"\" anchor=\"table4\" product-id=\"8\" id=\"pid_8\">Video<\/a><\/li>\n<li id=\"drop_eklase\" class=\"drop_dd\"><a class=\"navigate-btn\" href=\"\" anchor=\"table5_1\" product-id=\"6\" id=\"pid_0_6\" style=\"width:255px;\">E-klase.lv<\/a>\n<ul class=\"type-select-sub\">\n<li> <a class=\"navigate-btn\" href=\"\" scroll=\"bm1\" anchor=\"table5_1\" product-id=\"6\" id=\"pid_6\"><span style=\"color::#00518b;line-height:20px;margin-bottom:20px\">Port\u0101ls<\/span><\/a><\/li>\n<li> <a class=\"navigate-btn\" href=\"\" scroll=\"bm2\" anchor=\"table5_2\" product-id=\"7\" id=\"pid_7\"><span style=\"color::#00518b;line-height:20px;margin-bottom:20px\">Skolvad\u012bba<\/span><\/a><\/li>\n<li><a class=\"navigate-btn\" href=\"\" scroll=\"bm4\" anchor=\"table5_4\" product-id=\"13\" id=\"pid_13\"><span style=\"color::#00518b;line-height:20px;margin-bottom:20px\">Mobil\u0101s ier\u012bces port\u0101l\u0101<\/span><\/a><\/li>\n<li><a class=\"navigate-btn\" href=\"\" scroll=\"bm4\" anchor=\"table5_3\" product-id=\"11\" id=\"pid_11\"><span style=\"color::#00518b;line-height:20px;margin-bottom:20px\">Mobil\u0101s ier\u012bces sist\u0113m\u0101<\/span><\/a><\/li>\n<\/ul>\n<\/li>\n<\/ul><\/div>\n<p class=\"vat_text\">| <a href=\"https:\/\/www.adbox.lv\/?page_id=6322&#038;lang=lv\">Piemaksas <\/a>  | Partneri: <a href=\"https:\/\/www.adbox.lv\/?page_id=6424&#038;lang=lv\">CPM<\/a>, <a href=\"https:\/\/www.adbox.lv\/?page_id=6434&#038;lang=lv\">Video<\/a>, <a href=\"https:\/\/www.adbox.lv\/?page_id=6444&#038;lang=lv\">Mobile<\/a> | <a href=\"https:\/\/www.adbox.lv\/?page_id=6330&#038;lang=lv\"> E-klases priek\u0161roc\u012bbas <\/a> |<\/p>\n<p class=\"vat_text\" >Visas cenas uzr\u0101d\u012btas bez PVN un ir sp\u0113k\u0101 no 01.09.2023<\/p>\n<p>    <!--Response TABLE--><\/p>\n<div class=\"sw-table\" id=\"product_response\">\n    <\/div>\n<p>    <!--Lower menu--><\/p>\n<div class=\"colHolder\" style=\"text-align:center\"><a style=\"color:#662244;font-weight:bold;\" id=\"priceTable-options\" href=\"\/\/www.adbox.lv\/?page_id=511&#038;lang=lv&#038;lang=lv\" target=\"_blank\" rel=\"noopener\">Tehniskie noteikumi rekl\u0101mas materi\u0101liem<\/a><a style=\"color:#662244;font-weight:bold;\" id=\"priceTable-options\" href=\"\/\/www.adbox.lv\/?page_id=515&#038;lang=lv\" target=\"_blank\" rel=\"noopener\">Rekl\u0101mas izvieto\u0161anas noteikumi<\/a><a style=\"color:#662244;font-weight:bold;\" id=\"priceTable-options\" class=\"page-pdf\">Print to PDF<\/a><\/div>\n<\/div>\n<p><!--\n\n    <script type=\"text\/javascript\">\n        function getUrlVar( name, url ) {\n            if (!url) url = location.href;\n            name = name.replace(\/[\\[]\/,\"\\\\\\[\").replace(\/[\\]]\/,\"\\\\\\]\");\n            var regexS = \"[\\\\?&]\"+name+\"=([^&#]*)\";\n            var regex = new RegExp( regexS );\n            var results = regex.exec( url );\n            return results == null ? null : results[1];\n        }\n        jQuery(document).ready( function($){\n            $('.sw-table').hide();\n            var pId = getUrlVar('c',location.href);\n            var pl = getUrlVar('d',location.href);\n            $('.active-tab a').trigger('click');\n            if (pId) $('#type-select #'+pId).trigger('click');\n            if (pl) $('.sw-table #'+pl).trigger('click');\n\/\/  $('#table1').show();\n            $('.banner_info').click(function(ev){\n                ev.preventDefault();\n                RequestInfo(jQuery(this).attr('banner_id'),false);\n            });\n            $('#shareURL').show();\n            $('#demoLink').val(window.location.href);\n            $('.banner_category_info').click(function() {\n                $('#shareURL').show();\n                var link = updateQueryStringParameter(window.location.href, 'c', $('.active-tab a').attr('id'));\n                link = updateQueryStringParameter(link, 'd', $(this).attr('id'));\n                $('#demoLink').val(link.replace(\/#038;\/g, ''));\n            });\n            $('#type-select a').click(function(){\n                var link = updateQueryStringParameter(window.location.href, 'c', $(this).attr('id'));\n                link = updateQueryStringParameter(link, 'd', '0');\n                console.log(link);\n                history.pushState({}, '', link.replace(\/#038;\/g, ''));\n            });\n        });\n        function updateQueryStringParameter(uri, key, value) {\n            var re = new RegExp(\"([?&])\" + key + \"=.*?(&|$)\", \"i\");\n            var separator = uri.indexOf('?') !== -1 ? \"&\" : \"?\";\n            if (uri.match(re)) {\n                return uri.replace(re, '$1' + key + \"=\" + value + '$2');\n            }\n            else {\n                return uri + separator + key + \"=\" + value;\n            }\n        }\n    <\/script>\n--><\/p>","protected":false},"excerpt":{"rendered":"<p>Gigabaneris Dinamika Mobile Video E-klase.lv Port\u0101ls Skolvad\u012bba Mobil\u0101s ier\u012bces port\u0101l\u0101 Mobil\u0101s ier\u012bces sist\u0113m\u0101 | Piemaksas | Partneri: CPM, Video, Mobile | E-klases priek\u0161roc\u012bbas | Visas cenas uzr\u0101d\u012btas bez PVN un ir sp\u0113k\u0101 no 01.09.2023 Tehniskie noteikumi rekl\u0101mas materi\u0101liemRekl\u0101mas izvieto\u0161anas noteikumiPrint to PDF<\/p>\n","protected":false},"author":1,"featured_media":0,"parent":15,"menu_order":0,"comment_status":"closed","ping_status":"closed","template":"","meta":[],"_links":{"self":[{"href":"https:\/\/www.adbox.lv\/index.php?rest_route=\/wp\/v2\/pages\/6102"}],"collection":[{"href":"https:\/\/www.adbox.lv\/index.php?rest_route=\/wp\/v2\/pages"}],"about":[{"href":"https:\/\/www.adbox.lv\/index.php?rest_route=\/wp\/v2\/types\/page"}],"author":[{"embeddable":true,"href":"https:\/\/www.adbox.lv\/index.php?rest_route=\/wp\/v2\/users\/1"}],"replies":[{"embeddable":true,"href":"https:\/\/www.adbox.lv\/index.php?rest_route=%2Fwp%2Fv2%2Fcomments&post=6102"}],"version-history":[{"count":61,"href":"https:\/\/www.adbox.lv\/index.php?rest_route=\/wp\/v2\/pages\/6102\/revisions"}],"predecessor-version":[{"id":6478,"href":"https:\/\/www.adbox.lv\/index.php?rest_route=\/wp\/v2\/pages\/6102\/revisions\/6478"}],"up":[{"embeddable":true,"href":"https:\/\/www.adbox.lv\/index.php?rest_route=\/wp\/v2\/pages\/15"}],"wp:attachment":[{"href":"https:\/\/www.adbox.lv\/index.php?rest_route=%2Fwp%2Fv2%2Fmedia&parent=6102"}],"curies":[{"name":"wp","href":"https:\/\/api.w.org\/{rel}","templated":true}]}}