{"id":35,"date":"2021-11-26T10:58:16","date_gmt":"2021-11-26T07:58:16","guid":{"rendered":"http:\/\/www.adbox.lv\/?page_id=35"},"modified":"2025-12-30T12:33:39","modified_gmt":"2025-12-30T09:33:39","slug":"kontakti","status":"publish","type":"page","link":"https:\/\/www.adbox.lv\/?page_id=35","title":{"rendered":"Kontakti"},"content":{"rendered":"<p><\/p>\n<div class=\"contactContent\">\n<p class=\"contactHeadline\">Jaut\u0101 mums!<\/p>\n<div class=\"sepLine contactSepLine\"><\/div>\n<div class=\"contactTextCenterDiv\">\n<div class=\"contact-alignLeft\">\n<p class=\"contact-text adressAndContacts\" style=\"padding-top:0; min-width: 300px;\">M\u0101rketinga un p\u0101rdo\u0161anas da\u013ca<br \/>t\u0101lrunis:+371 67 509 480<br \/>e-pasts: <a href=\"mailto:ads@adbox.lv\">ads@adbox.lv<\/a><\/p>\n<\/p><\/div>\n<p>\t\t<!--div class=\"contactPerson\">\n\t\t\t<img id=\"contact-img\" src=\"\/\/www.adbox.lv\/wp-content\/uploads\/2014\/10\/AndrisR.jpg\" \/>\n\n<p class=\"contact-text\">M\u0101rketinga un p\u0101rdo\u0161anas vad\u012bt\u0101js<br \/><span id=\"contactsHighlightedText\">Andris R\u0113ders<\/span><br \/>t\u0101lrunis:+371 67 509 483<br \/>e-pasts: <a href=\"mailto:andris.reders@adbox.lv\">andris.reders@adbox.lv<\/a><\/p>\n\n\n\t\t<\/div-->\n\t\t<!--div class=\"contactPerson\">\n\t\t\t<img id=\"contact-img\" src=\"\/\/www.adbox.lv\/wp-content\/uploads\/DP.jpg\" \/>\n\n<p class=\"contact-text\">Rekl\u0101mas materi\u0101lu administratore<br \/><span id=\"contactsHighlightedText\">Veronika B\u0101rda<\/span><br \/>t\u0101lrunis:+371 67 509 484<br \/>e-pasts: <a href=\"mailto:ads@adbox.lv\">ads@adbox.lv<\/a><\/p>\n\n\n\t\t<\/div-->\n\t<\/div>\n<p class=\"contactHeadline\" style=\"clear: both;\" id=\"location\">Adrese<\/p>\n<div class=\"sepLine contactSepLine\"><\/div>\n<div class=\"contactTextCenterDiv\">\n<div class=\"contact-alignLeft\">\n<p class=\"contact-text adressAndContacts\"><span id=\"contactsHighlightedText\">Adrese<\/span><br \/>Matro\u017eu iela 15, 5.st., R\u012bga, LV-1048, Latvija<\/p>\n<p class=\"contact-text adressAndContacts\"><span id=\"contactsHighlightedText\">Darba laiks<\/span><br \/>Katru darba dienu no 9:00 &#8211; 18:00<\/p>\n<p class=\"contact-text adressAndContacts\"><span id=\"contactsHighlightedText\">T\u0101lrunis\/Fakss<\/span><br \/>Rekl\u0101mas da\u013ca: +371 67359508<br \/>Fakss: +371 67359504<\/p>\n<\/p><\/div>\n<div id=\"map_lv\" class=\"fleft\"><\/div>\n<\/p><\/div>\n<div class=\"break\" style=\"clear:both;\"><\/div>\n<p class=\"contactHeadline\">Rekviz\u012bti<\/p>\n<div class=\"sepLine contactSepLine\"><\/div>\n<div class=\"contactTextCenterDiv\">\n<p class=\"contact-text adressAndContacts\">SIA \u201cAd Box\u201d<br \/>\n\t\t\t\t\t\t\t\t\tRe\u0123istr\u0101cijas numurs: 40003987574<br \/>\n\t\t\t\t\t\t\t\t\tPVN maks. Nr.: LV40003987574<br \/>\n\t\t\t\t\t\t\t\t\tBankas nosaukums: AS DNB banka<br \/>\n\t\t\t\t\t\t\t\t\tBankas kods: RIKOLV2X<br \/>\n\t\t\t\t\t\t\t\t\tBankas konts: LV07RIKO0000082091370<br \/>\n<br \/>\nJuridisk\u0101 adrese: Matro\u017eu iela 15, 5.st., R\u012bga, LV-1048, Latvija<br \/>\nFizisk\u0101 adrese: Matro\u017eu iela 15, 5.st., R\u012bga, LV-1048, Latvija <\/p>\n<p>\t<br clear=\"all\" \/>\n\t<\/div>\n<\/div>\n<p><\/p>","protected":false},"excerpt":{"rendered":"<p>Jaut\u0101 mums! M\u0101rketinga un p\u0101rdo\u0161anas da\u013cat\u0101lrunis:+371 67 509 480e-pasts: ads@adbox.lv Adrese AdreseMatro\u017eu iela 15, 5.st., R\u012bga, LV-1048, Latvija Darba laiksKatru darba dienu no 9:00 &#8211; 18:00 T\u0101lrunis\/FakssRekl\u0101mas da\u013ca: +371 67359508Fakss: +371 67359504 Rekviz\u012bti SIA \u201cAd Box\u201d Re\u0123istr\u0101cijas numurs: 40003987574 PVN maks. Nr.: LV40003987574 Bankas nosaukums: AS DNB banka Bankas kods: RIKOLV2X Bankas konts: LV07RIKO0000082091370 Juridisk\u0101 [&hellip;]<\/p>\n","protected":false},"author":1,"featured_media":0,"parent":0,"menu_order":0,"comment_status":"closed","ping_status":"closed","template":"","meta":[],"_links":{"self":[{"href":"https:\/\/www.adbox.lv\/index.php?rest_route=\/wp\/v2\/pages\/35"}],"collection":[{"href":"https:\/\/www.adbox.lv\/index.php?rest_route=\/wp\/v2\/pages"}],"about":[{"href":"https:\/\/www.adbox.lv\/index.php?rest_route=\/wp\/v2\/types\/page"}],"author":[{"embeddable":true,"href":"https:\/\/www.adbox.lv\/index.php?rest_route=\/wp\/v2\/users\/1"}],"replies":[{"embeddable":true,"href":"https:\/\/www.adbox.lv\/index.php?rest_route=%2Fwp%2Fv2%2Fcomments&post=35"}],"version-history":[{"count":8,"href":"https:\/\/www.adbox.lv\/index.php?rest_route=\/wp\/v2\/pages\/35\/revisions"}],"predecessor-version":[{"id":6542,"href":"https:\/\/www.adbox.lv\/index.php?rest_route=\/wp\/v2\/pages\/35\/revisions\/6542"}],"wp:attachment":[{"href":"https:\/\/www.adbox.lv\/index.php?rest_route=%2Fwp%2Fv2%2Fmedia&parent=35"}],"curies":[{"name":"wp","href":"https:\/\/api.w.org\/{rel}","templated":true}]}}