{"id":31,"date":"2021-11-26T10:57:53","date_gmt":"2021-11-26T07:57:53","guid":{"rendered":"http:\/\/www.adbox.lv\/?page_id=31"},"modified":"2025-12-19T10:25:01","modified_gmt":"2025-12-19T07:25:01","slug":"partneriem","status":"publish","type":"page","link":"https:\/\/www.adbox.lv\/?page_id=31","title":{"rendered":"Partneriem"},"content":{"rendered":"<p><\/p>\n<div class=\"mainContent\">\n<p>Adbox pied\u0101v\u0101 partneriem efekt\u012bvu platformu rekl\u0101mas izvietojumu p\u0101rvald\u012b\u0161anai. Pla\u0161aj\u0101 baneru risin\u0101jumu kl\u0101st\u0101 katrs partneris atrad\u012bs sev piem\u0113rot\u0101ko, lai sekm\u0113tu lietot\u0101ju interesi un nodro\u0161in\u0101tu maksim\u0101lo atdevi. Esam atv\u0113rti ar\u012b jaunu ideju realiz\u0113\u0161anai &#8211; m\u016bsu darbinieki vienm\u0113r ir gatavi n\u0101kt pret\u012b un sadarboties jaunu risin\u0101jumu izstr\u0101d\u0113.<\/p>\n<p><\/p>\n<p>Ar Adbox pal\u012bdz\u012bbu j\u016bs ieg\u016bsiet stabilus un uzticamus rekl\u0101mdev\u0113jus, nodro\u0161inot ilglaic\u012bgu sadarb\u012bbu, savuk\u0101rt, m\u016bsu komanda ar daudzu gadu pieredzi rekl\u0101mas jom\u0101 pal\u012bdz\u0113s jums gan rekl\u0101mas, gan tehniskos jaut\u0101jumos.<\/p>\n<div class=\"break\"><\/div>\n<h1>Priek\u0161roc\u012bbas un ieguvumi<\/h1>\n<p><\/br><\/p>\n<div class=\"sepLine\"><\/div>\n<p><!--- TABULA ----><\/p>\n<div class=\"accordion\">\n<div class=\"accordion-title\" style=\"background-color:#013e5d;\">\n<h1>Risin\u0101jumi<\/h1>\n<div class=\"dropThisArrow\"><\/div>\n<\/p><\/div>\n<div class=\"accordion-content\">\n<p>Gan pla\u0161i paz\u012bstami, gan unik\u0101li vietnes pras\u012bb\u0101m atbilsto\u0161i risin\u0101jumi Standarta, Dinamisko, Video un Mobilo grup\u0101s (<a href=\"\/\/www.adbox.lv\/?page_id=3631\" target=\"_blank\" rel=\"noopener\">Vair\u0101k&#8230;<\/a>).<\/p>\n<p>Visu rekl\u0101mas risin\u0101jumu form\u0101tu atbalsts: Flash, .JS, .HTML (HTML5), .JPG, .GIF, .PNG, Video.<\/p>\n<p>Tre\u0161o pu\u0161u statistikas izseko\u0161anas un baneru serv\u0113\u0161anas kodu atbalsts.<\/p>\n<p>Individu\u0101lu risin\u0101jumu izstr\u0101de.<\/p>\n<\/p><\/div>\n<\/p><\/div>\n<div class=\"split\"><\/div>\n<div class=\"accordion\">\n<div class=\"accordion-title\" style=\"background-color:#2a7078;\">\n<h1 id=\"bigger\">Kategorijas un segment\u0101cija<\/h1>\n<div class=\"dropThisArrow\"><\/div>\n<\/p><\/div>\n<div class=\"accordion-content\">\n<p>Partneru viet\u0146u kategoriz\u0101cija un pla\u0161as segment\u0101cijas iesp\u0113jas, tai skait\u0101 p\u0113c individu\u0101liem vietnes parametriem, \u013cauj daudz efekt\u012bv\u0101k izmantot pieejamo ekspoz\u012bciju skaitu.<\/p>\n<\/p><\/div>\n<\/p><\/div>\n<div class=\"split\"><\/div>\n<div class=\"accordion\">\n<div class=\"accordion-title\" style=\"background-color:#662244;\">\n<h1>Citas priek\u0161roc\u012bbas<\/h1>\n<div class=\"dropThisArrow\"><\/div>\n<\/p><\/div>\n<div class=\"accordion-content\">\n<p>Lietot\u0101jiem draudz\u012bga sist\u0113mas saskarne.<\/p>\n<p>Re\u0101l\u0101 laika dati par izvietojumiem.<\/p>\n<p>24\/7 pieeja kampa\u0146\u0101m.<\/p>\n<\/p><\/div>\n<\/p><\/div>\n<\/div>\n<div class=\"thickLine\"><\/div>\n<p><!-----><\/p>\n<div class=\"partner-signup\">\n<div class=\"break\"><\/div>\n<div class=\"partner\">\n<h1 class=\"partner-signup-head\" >K\u0101 k\u013c\u016bt par Adbox partneri?<\/h1>\n<ul class='ul-numbered'>\n<li style=\"color:#662244;\"><span style=\"color:#000;\">Sazinieties ar SIA Adbox <span style=\"font-size:20px;\"><\/span><\/span><\/li>\n<li style=\"color:#662244;\"><span style=\"color:#000;\">Past\u0101stiet par sav\u0101m v\u0113lm\u0113m.<\/span><\/li>\n<li style=\"color:#662244;\"><span style=\"color:#000;\">Adbox sagatavos un nos\u016bt\u012bs v\u0113lamo baneru izvieto\u0161anas kodus.<\/span><\/li>\n<li style=\"color:#662244;\"><span style=\"color:#000;\">Izvietojiet kodus sav\u0101 lap\u0101 <\/span><a href=\"\/\/www.adbox.lv\/wp-content\/uploads\/AdBox-skriptu-pievienoshanas-apraksts-LV1.pdf\" target=\"_blank\" rel=\"noopener\"><span style=\"font-size:18px; text-decoration:underline;\">(Instrukcija).<\/span><\/a><\/li>\n<li style=\"color:#662244;\"><span style=\"color:#000;\">S\u0101ciet peln\u012bt naudu!<\/span><\/li>\n<li style=\"color:#662244;\"><span style=\"color:#000;\">Sekojiet statistikai jebkur\u0101 laik\u0101 jebkur\u0101 viet\u0101 <br \/><a href=\"https:\/\/b.adbox.lv\/apps\/admin\/index.php\" target=\"_blank\" rel=\"noopener\">(Login).<\/a><\/span><\/li>\n<\/ul>\n<p>         <br clear=\"all\" \/>\n    <\/div>\n<div class=\"signUp\">\n    \t\t<!--h1 class=\"partner-signup-head\" style=\"text-align:left;\">Pieteikties par partneri<\/h1>\n\n\n[contact-form-7 id=\"5645\" title=\"Pieteikties par partneri\"]--><br \/>\n            <!--form id=\"pieteikties\" action=\"\" method=\"get\">\n                    <input class=\"field\" name=\"name\" placeholder=\"\" type=\"text\" width=\"100px;\" \/>\n                    <label class=\"fieldText\">V\u0101rds, Uzv\u0101rds<\/label><br \/>\n                    <input class=\"field\" name=\"email\" placeholder=\"\" type=\"text\" width=\"100px;\" \/>\n                    <label class=\"fieldText\">E-pasts<\/label><br \/>\n                    <input class=\"field\" name=\"companyName\" placeholder=\"\" type=\"text\" width=\"100px;\" \/>\t\n                    <label class=\"fieldText\">Uz\u0146\u0113muma nosaukums<\/label><br \/>\n                    <textarea class=\"field-comment\" onfocus=\"if (jQuery(this).val()=='\u0160eit rakstiet v\u0113lmes un koment\u0101rus...') jQuery(this).val(''); return true;\" onblur=\"if (jQuery(this).val()=='') jQuery(this).val('\u0160eit rakstiet v\u0113lmes un koment\u0101rus...'); return true;\">\u0160eit rakstiet v\u0113lmes un koment\u0101rus...<\/textarea><br \/>\n\t\t\t\t\t\t<input class=\"signup-button\" type=\"submit\" value=\"S\u016bt\u012bt\" \/>\n            <\/form -->\n    <\/div>\n<p> <br clear=\"all\" \/>\n<\/div>\n<div class=\"break\"><\/div>\n<div class=\"agents\">\n<h1>A\u0123ent\u016bras<\/h1>\n<p><\/br><\/p>\n<div class=\"sepLine\" style=\"margin-bottom:3%;\"><\/div>\n<div class=\"colHolder\">\n<div class=\"agentsLogo\">\n                \t\t<a href=\"http:\/\/www.alphabaltic.lv\/\" target=\"_blank\" rel=\"noopener\"><img src=\"\/\/www.adbox.lv\/wp-content\/themes\/adb_pl\/images\/agenturas\/alphabaltic.png\" \/><\/a><\/div>\n<div class=\"agentsLogo\">\n                \t\t<a href=\"http:\/\/www.carat.lv\/\" target=\"_blank\" rel=\"noopener\"><img src=\"\/\/www.adbox.lv\/wp-content\/themes\/adb_pl\/images\/agenturas\/carat.png\" \/><\/a><\/div>\n<div class=\"agentsLogo\">\n                \t\t<a href=\"http:\/\/www.cms.lv\/\" target=\"_blank\" rel=\"noopener\"><img src=\"\/\/www.adbox.lv\/wp-content\/themes\/adb_pl\/images\/agenturas\/cms.png\" \/><\/a><\/div>\n<div class=\"agentsLogo\">\n                \t\t<a href=\"http:\/\/www.cmbaltic.lv\" target=\"_blank\" rel=\"noopener\"><img src=\"\/\/www.adbox.lv\/wp-content\/themes\/adb_pl\/images\/agenturas\/creativemediabaltic.png\" \/><\/a><\/div>\n<div class=\"agentsLogo\">\n                \t\t<a href=\"http:\/\/www.mediaflux.lv\" target=\"_blank\" rel=\"noopener\"><img src=\"\/\/www.adbox.lv\/wp-content\/themes\/adb_pl\/images\/agenturas\/flux.png\" \/><\/a><\/div>\n<div class=\"agentsLogo\">\n                \t\t<a href=\"http:\/\/www.ideagroup.lv\/\" target=\"_blank\" rel=\"noopener\"><img src=\"\/\/www.adbox.lv\/wp-content\/themes\/adb_pl\/images\/agenturas\/ideametrix.png\" \/><\/a><\/div>\n<div class=\"agentsLogo\">\n                \t\t<a href=\"http:\/\/www.initiative.com\" target=\"_blank\" rel=\"noopener\"><img src=\"\/\/www.adbox.lv\/wp-content\/themes\/adb_pl\/images\/agenturas\/initiative.png\" \/><\/a><\/div>\n<div class=\"agentsLogo\">\n                \t\t<a href=\"http:\/\/www.inspired.lv\" target=\"_blank\" rel=\"noopener\"><img src=\"\/\/www.adbox.lv\/wp-content\/themes\/adb_pl\/images\/agenturas\/inspired.png\" \/><\/a><\/div>\n<div class=\"agentsLogo\">\n                \t\t<a href=\"http:\/\/www.leadmedia-group.com\" target=\"_blank\" rel=\"noopener\"><img src=\"\/\/www.adbox.lv\/wp-content\/themes\/adb_pl\/images\/agenturas\/lead.png\" \/><\/a><\/div>\n<div class=\"agentsLogo\">\n                \t\t<a href=\"https:\/\/www.facebook.com\/pages\/Magnet-Media\/181591388553638?fref=ts&#038;ref=br_tf\" target=\"_blank\" rel=\"noopener\"><img src=\"\/\/www.adbox.lv\/wp-content\/themes\/adb_pl\/images\/agenturas\/magnet.png\" \/><\/a><\/div>\n<div class=\"agentsLogo\">\n                \t\t<a href=\"http:\/\/www.mediacom.com\/\" target=\"_blank\" rel=\"noopener\"><img src=\"\/\/www.adbox.lv\/wp-content\/themes\/adb_pl\/images\/agenturas\/mediacom.png\" \/><\/a><\/div>\n<div class=\"agentsLogo\">\n                \t\t<a href=\"http:\/\/www.media-house.lv\/\" target=\"_blank\" rel=\"noopener\"><img src=\"\/\/www.adbox.lv\/wp-content\/themes\/adb_pl\/images\/agenturas\/mediahouse.png\" \/><\/a><\/div>\n<div class=\"agentsLogo\">\n                \t\t<a href=\"http:\/\/www.mediapool.lv\/\" target=\"_blank\" rel=\"noopener\"><img src=\"\/\/www.adbox.lv\/wp-content\/themes\/adb_pl\/images\/agenturas\/mediapool.png\" \/><\/a><\/div>\n<div class=\"agentsLogo\">\n                \t\t<a href=\"http:\/\/www.mindsharebaltics.com\/\" target=\"_blank\" rel=\"noopener\"><img src=\"\/\/www.adbox.lv\/wp-content\/themes\/adb_pl\/images\/agenturas\/mediashare.png\" \/><\/a><\/div>\n<div class=\"agentsLogo\">\n                \t\t<a href=\"http:\/\/www.omd.lv\" target=\"_blank\" rel=\"noopener\"><img src=\"\/\/www.adbox.lv\/wp-content\/themes\/adb_pl\/images\/agenturas\/omd.png\" \/><\/a><\/div>\n<div class=\"agentsLogo\">\n                \t\t<a href=\"http:\/\/www.omd.lv\" target=\"_blank\" rel=\"noopener\"><img src=\"\/\/www.adbox.lv\/wp-content\/themes\/adb_pl\/images\/agenturas\/omnicommediagroup.png\" \/><\/a><\/div>\n<div class=\"agentsLogo\">\n                \t\t<a href=\"http:\/\/www.oxygene.lv\" target=\"_blank\" rel=\"noopener\"><img src=\"\/\/www.adbox.lv\/wp-content\/themes\/adb_pl\/images\/agenturas\/oxygen.png\" \/><\/a><\/div>\n<div class=\"agentsLogo\">\n                \t\t<a href=\"http:\/\/www.phd.lv\" target=\"_blank\" rel=\"noopener\"><img src=\"\/\/www.adbox.lv\/wp-content\/themes\/adb_pl\/images\/agenturas\/phd.png\" \/><\/a><\/div>\n<div class=\"agentsLogo\">\n                \t\t<a href=\"http:\/\/www.reactiv.lv\" target=\"_blank\" rel=\"noopener\"><img src=\"\/\/www.adbox.lv\/wp-content\/themes\/adb_pl\/images\/agenturas\/reactiv.png\" \/><\/a><\/div>\n<div class=\"agentsLogo\">\n                \t\t<a href=\"http:\/\/www.vizeum.com\/\" target=\"_blank\" rel=\"noopener\"><img src=\"\/\/www.adbox.lv\/wp-content\/themes\/adb_pl\/images\/agenturas\/vizeun.png\" \/><\/a><\/div>\n<div class=\"agentsLogo\">\n                \t\t<a href=\"http:\/\/zo.lv\/uznemumi\/starcom#.VRpQIOEYHaJ\" target=\"_blank\" rel=\"noopener\"><img src=\"\/\/www.adbox.lv\/wp-content\/uploads\/starcom.png\" \/><\/a><\/div>\n<div class=\"agentsLogo\">\n                \t\t<a href=\"http:\/\/lv-lv.facebook.com\/ZenithOptimediaLatvia\" target=\"_blank\" rel=\"noopener\"><img src=\"\/\/www.adbox.lv\/wp-content\/uploads\/zenithoptimedia.png\" \/><\/a><\/div>\n<\/p><\/div>\n<div class=\"break\"><\/div>\n<p>          \t<br clear=\"all\" \/>\n<\/div>\n<p><script type=\"text\/javascript\">\njQuery(document).ready( function($){\n\tvar startText = $('.field-comment').val();\n\t$('.field-comment').focus(function(){\n\t\tif (jQuery(this).val()==startText) jQuery(this).val('');\n\t});\n\t$('.field-comment').blur(function(){\n\t\tif (jQuery(this).val()=='') jQuery(this).val(startText);\n\t});\n});\n<\/script><\/p>","protected":false},"excerpt":{"rendered":"<p>Adbox pied\u0101v\u0101 partneriem efekt\u012bvu platformu rekl\u0101mas izvietojumu p\u0101rvald\u012b\u0161anai. Pla\u0161aj\u0101 baneru risin\u0101jumu kl\u0101st\u0101 katrs partneris atrad\u012bs sev piem\u0113rot\u0101ko, lai sekm\u0113tu lietot\u0101ju interesi un nodro\u0161in\u0101tu maksim\u0101lo atdevi. Esam atv\u0113rti ar\u012b jaunu ideju realiz\u0113\u0161anai &#8211; m\u016bsu darbinieki vienm\u0113r ir gatavi n\u0101kt pret\u012b un sadarboties jaunu risin\u0101jumu izstr\u0101d\u0113. Ar Adbox pal\u012bdz\u012bbu j\u016bs ieg\u016bsiet stabilus un uzticamus rekl\u0101mdev\u0113jus, nodro\u0161inot ilglaic\u012bgu [&hellip;]<\/p>\n","protected":false},"author":1,"featured_media":0,"parent":0,"menu_order":0,"comment_status":"closed","ping_status":"closed","template":"","meta":[],"_links":{"self":[{"href":"https:\/\/www.adbox.lv\/index.php?rest_route=\/wp\/v2\/pages\/31"}],"collection":[{"href":"https:\/\/www.adbox.lv\/index.php?rest_route=\/wp\/v2\/pages"}],"about":[{"href":"https:\/\/www.adbox.lv\/index.php?rest_route=\/wp\/v2\/types\/page"}],"author":[{"embeddable":true,"href":"https:\/\/www.adbox.lv\/index.php?rest_route=\/wp\/v2\/users\/1"}],"replies":[{"embeddable":true,"href":"https:\/\/www.adbox.lv\/index.php?rest_route=%2Fwp%2Fv2%2Fcomments&post=31"}],"version-history":[{"count":6,"href":"https:\/\/www.adbox.lv\/index.php?rest_route=\/wp\/v2\/pages\/31\/revisions"}],"predecessor-version":[{"id":6534,"href":"https:\/\/www.adbox.lv\/index.php?rest_route=\/wp\/v2\/pages\/31\/revisions\/6534"}],"wp:attachment":[{"href":"https:\/\/www.adbox.lv\/index.php?rest_route=%2Fwp%2Fv2%2Fmedia&parent=31"}],"curies":[{"name":"wp","href":"https:\/\/api.w.org\/{rel}","templated":true}]}}